{"id":246,"date":"2020-06-18T15:02:51","date_gmt":"2020-06-18T15:02:51","guid":{"rendered":"https:\/\/shantalparaguay.com.py\/?post_type=product&#038;p=246"},"modified":"2020-06-18T15:02:52","modified_gmt":"2020-06-18T15:02:52","slug":"corazon-clasico","status":"publish","type":"product","link":"https:\/\/shantalparaguay.com.py\/?product=corazon-clasico","title":{"rendered":"Coraz\u00f3n Cl\u00e1sico"},"content":{"rendered":"<p>Aqui va la descripci\u00f3n larga del producto<\/p>\n","protected":false},"excerpt":{"rendered":"<p>Descripci\u00f3n Corta<\/p>\n","protected":false},"featured_media":232,"comment_status":"open","ping_status":"closed","template":"","meta":{"_et_pb_use_builder":"","_et_pb_old_content":"","_et_gb_content_width":""},"_links":{"self":[{"href":"https:\/\/shantalparaguay.com.py\/index.php?rest_route=\/wp\/v2\/product\/246"}],"collection":[{"href":"https:\/\/shantalparaguay.com.py\/index.php?rest_route=\/wp\/v2\/product"}],"about":[{"href":"https:\/\/shantalparaguay.com.py\/index.php?rest_route=\/wp\/v2\/types\/product"}],"replies":[{"embeddable":true,"href":"https:\/\/shantalparaguay.com.py\/index.php?rest_route=%2Fwp%2Fv2%2Fcomments&post=246"}],"wp:featuredmedia":[{"embeddable":true,"href":"https:\/\/shantalparaguay.com.py\/index.php?rest_route=\/wp\/v2\/media\/232"}],"wp:attachment":[{"href":"https:\/\/shantalparaguay.com.py\/index.php?rest_route=%2Fwp%2Fv2%2Fmedia&parent=246"}],"curies":[{"name":"wp","href":"https:\/\/api.w.org\/{rel}","templated":true}]}}